prime factors of 200370446.
2, 137, 139, 5261
What are the prime factors of 916148758?
2, 7, 65439197
What are the prime factors of 72024311?
37, 1946603
List the prime factors of 1197166920.
2, 3, 5, 173, 57667
List the prime factors of 127815931.
137, 932963
List the prime factors of 1692573204.
2, 3, 7, 431, 46751
What are the prime factors of 1650091168?
2, 11, 1223, 3833
What are the prime factors of 425752715?
5, 223, 381841
What are the prime factors of 177287034?
2, 3, 29, 41, 24851
What are the prime factors of 2853147825?
3, 5, 11, 17, 19, 43, 83
What are the prime factors of 149433411?
3, 967, 51511
What are the prime factors of 115103481?
3, 17, 2256931
List the prime factors of 49119102.
2, 3, 909613
What are the prime factors of 20586611?
47, 179, 2447
What are the prime factors of 2868972267?
3, 7, 37, 197, 18743
List the prime factors of 4558473879.
3, 79, 19234067
What are the prime factors of 653581546?
2, 326790773
What are the prime factors of 782458249?
199, 503, 7817
What are the prime factors of 125233745?
5, 7, 13, 29, 9491
List the prime factors of 2413738165.
5, 149, 397, 8161
List the prime factors of 344201749.
197, 1747217
What are the prime factors of 45942729?
3, 7, 587, 3727
List the prime factors of 268729416.
2, 3, 41, 91033
What are the prime factors of 3160617170?
2, 5, 1093, 289169
List the prime factors of 61490685.
3, 5, 59, 69481
List the prime factors of 24590276.
2, 97, 63377
What are the prime factors of 652781691?
3, 17, 4266547
List the prime factors of 3217929187.
11, 13649, 21433
What are the prime factors of 104380981?
104380981
List the prime factors of 5328756278.
2, 769, 1409, 2459
List the prime factors of 5921329939.
7, 29, 1669, 17477
What are the prime factors of 30733288?
2, 113, 33997
List the prime factors of 499905214.
2, 97, 2576831
List the prime factors of 54116070.
2, 3, 5, 661, 2729
What are the prime factors of 2313441398?
2, 127, 131, 251, 277
What are the prime factors of 29446669?
7, 17, 247451
What are the prime factors of 238269648?
2, 3, 1811, 2741
List the prime factors of 367307702.
2, 53, 83, 503
What are the prime factors of 4989418467?
3, 11, 4621, 32719
What are the prime factors of 1501909836?
2, 3, 7, 17879879
What are the prime factors of 341031836?
2, 19, 709, 6329
What are the prime factors of 1483834546?
2, 449, 1652377
What are the prime factors of 383215996?
2, 113, 379, 2237
List the prime factors of 467645711.
13, 35972747
List the prime factors of 146724808.
2, 137, 133873
What are the prime factors of 110677232?
2, 6917327
List the prime factors of 5457548359.
37, 109, 1353223
What are the prime factors of 810318833?
37, 21900509
What are the prime factors of 860068017?
3, 181, 175991
What are the prime factors of 696857039?
2689, 259151
List the prime factors of 43580143.
197, 221219
List the prime factors of 2567300276.
2, 59, 3109, 3499
What are the prime factors of 335340117?
3, 7, 617, 8627
List the prime factors of 59484074.
2, 13, 67, 34147
List the prime factors of 49887172.
2, 1097, 11369
What are the prime factors of 2871770?
2, 5, 11, 26107
List the prime factors of 3454829303.
337, 10251719
List the prime factors of 861346823.
8501, 101323
List the prime factors of 53691251.
2129, 25219
What are the prime factors of 802568665?
5, 37, 53, 81853
List the prime factors of 656774384.
2, 7, 23, 254959
List the prime factors of 327109822.
2, 13, 37, 340031
What are the prime factors of 2716175413?
7, 311, 991, 1259
What are the prime factors of 1397966673?
3, 465988891
List the prime factors of 813002165.
5, 162600433
What are the prime factors of 2049890953?
11, 211, 883193
What are the prime factors of 778688426?
2, 181, 2151073
List the prime factors of 559973673.
3, 7, 29, 53, 5783
List the prime factors of 136377535.
5, 7, 19, 29297
List the prime factors of 308257379.
17, 18132787
What are the prime factors of 3231823331?
11, 163, 191, 9437
What are the prime factors of 243777098?
2, 121888549
What are the prime factors of 541795314?
2, 3, 23, 239, 16427
List the prime factors of 2337193401.
3, 19, 131, 313003
What are the prime factors of 147411045?
3, 5, 31, 251, 421
List the prime factors of 785711055.
3, 5, 52380737
What are the prime factors of 305280694?
2, 152640347
List the prime factors of 296029168.
2, 31, 53, 11261
What are the prime factors of 13029061?
13029061
What are the prime factors of 89895071?
7, 31, 349, 1187
List the prime factors of 11094898.
2, 19, 291971
What are the prime factors of 175200391?
5179, 33829
What are the prime factors of 3744050338?
2, 7, 5927, 45121
List the prime factors of 107732407.
59, 193, 9461
List the prime factors of 245354034.
2, 3, 103, 397013
List the prime factors of 2664615264.
2, 3, 27756409
What are the prime factors of 1165821015?
3, 5, 77721401
List the prime factors of 141986395.
5, 409, 69431
What are the prime factors of 107933735?
5, 7, 13, 237217
What are the prime factors of 68374850?
2, 5, 17, 257, 313
List the prime factors of 194984381.
269, 619, 1171
What are the prime factors of 3036414811?
29, 5197, 20147
What are the prime factors of 2121385909?
21577, 98317
What are the prime factors of 57069177?
3, 11, 1729369
List the prime factors of 156346958.
2, 78173479
List the prime factors of 6017099491.
13, 151, 235789
What are the prime factors of 901372086?
2, 3, 127, 353, 1117
List the prime factors of 53981113.
37, 353, 4133
What are the prime factors of 269708868?
2, 3, 11, 13, 52391
List the prime factors of 4080952.
2, 17, 37, 811
What are the prime factors of 406962453?
3, 1201, 112951
What are the prime factors of 840874450?
2, 5, 13, 19, 68087
List the prime factors of 4794866199.
3, 59195879
List the prime factors of 217487191.
331, 657061
What are the prime factors of 1448986432?
2, 17, 1331789
What are the prime factors of 153512341?
29, 31, 170759
List the prime factors of 1350999888.
2, 3, 7, 4020833
What are the prime factors of 1663597377?
3, 13, 2339, 6079
What are the prime factors of 105986540?
2, 5, 11, 89, 5413
What are the prime factors of 242297168?
2, 15143573
What are the prime factors of 145889625?
3, 5, 7, 149, 373
What are the prime factors of 49403644?
2, 12350911
What are the prime factors of 71782790?
2, 5, 181, 39659
List the prime factors of 143524763.
143524763
What are the prime factors of 6395190305?
5, 7, 17, 10748219
List the prime factors of 32088399.
3, 7, 1528019
List the prime factors of 1193909260.
2, 5, 1103, 54121
What are the prime factors of 650500844?
2, 7, 23232173
What are the prime factors of 243520554?
2, 3, 73, 89, 6247
List the prime factors of 241123652.
2, 7, 11, 251, 3119
List the prime factors of 5076141.
3, 7, 37, 47, 139
What are the prime factors of 488319275?
5, 257, 76003
What are the prime factors of 49920498?
2, 3, 419, 6619
List the prime factors of 57252525.
3, 5, 11, 29, 2393
What are the prime factors of 961622112?
2, 3, 11, 910627
What are the prime factors of 342337472?
2, 47, 113809
List the prime factors of 538369927.
538369927
What are the prime factors of 1946529655?
5, 7, 131, 60649
List the prime factors of 161213143.
7, 13, 829, 2137
List the prime factors of 1564241848.
2, 13, 15040787
What are the prime factors of 3635021740?
2, 5, 7, 25964441
What are the prime factors of 274735701?
3, 2081, 14669
List the prime factors of 315996409.
61, 853, 6073
What are the prime factors of 198093333?
3, 17, 3884183
What are the prime factors of 2353042489?
7, 336148927
What are the prime factors of 2170143213?
3, 7, 613, 24083
List the prime factors of 68604272.
2, 11, 389797
List the prime factors of 132117912.
2, 3, 611657
What are the prime factors of 4548178926?
2, 3, 89, 2839063
List the prime factors of 30694424.
2, 19, 201937
List the prime factors of 295269512.
2, 59, 83, 7537
List the prime factors of 78712234.
2, 311, 126547
List the prime factors of 63853004.
2, 15963251
List the prime factors of 602497408.
2, 17, 276883
What are the prime factors of 1369883446?
2, 684941723
List the prime factors of 3375203065.
5, 13, 51926201
List the prime factors of 61033924.
2, 7, 181, 12043
List the prime factors of 11307583.
7, 230767
What are the prime factors of 197918466?
2, 3, 32986411
List the prime fa